de 5036733072?
True
Is 14033086 a multiple of 7?
False
Is 44592756 a multiple of 7?
False
Is 36893518 a multiple of 529?
True
Does 193 divide 100846836?
False
Is 335 a factor of 472924525?
True
Does 3410 divide 6998245052?
False
Is 3 a factor of 5043488?
False
Is 13 a factor of 839176246?
False
Is 261342622 a multiple of 18?
False
Is 25456056 a multiple of 3?
True
Is 682 a factor of 44165967?
False
Does 130 divide 186671420?
True
Does 551 divide 446917302?
False
Does 5 divide 17964500?
True
Is 269276448 a multiple of 2562?
True
Is 15708547 a multiple of 1297?
False
Does 10 divide 255245944?
False
Does 145 divide 2298980?
False
Does 515 divide 33480889?
False
Does 16 divide 531325088?
True
Does 11 divide 1953680645?
False
Is 292507644 a multiple of 11?
True
Is 449 a factor of 9128450?
False
Is 3796 a factor of 25087764?
True
Does 2 divide 33790358?
True
Does 31 divide 151794336?
False
Is 38 a factor of 36092172?
True
Does 428 divide 1101246996?
True
Does 79 divide 80817848?
False
Is 21 a factor of 230191487?
False
Is 89732847 a multiple of 138?
False
Is 1524185 a multiple of 3?
False
Does 1998 divide 76223367?
False
Is 11 a factor of 112318129?
True
Does 719 divide 148257081?
True
Does 82 divide 371448398?
False
Is 1227423 a multiple of 79?
True
Is 63 a factor of 33415011?
True
Is 192 a factor of 38637504?
True
Is 494 a factor of 378693300?
False
Is 3 a factor of 1571584?
False
Is 502 a factor of 2598381658?
False
Does 15 divide 23742329?
False
Is 18 a factor of 33369506?
False
Does 9 divide 2970361062?
True
Is 16 a factor of 314865468?
False
Is 1342440800 a multiple of 1168?
True
Is 153170834 a multiple of 503?
False
Is 77537367 a multiple of 6?
False
Does 396 divide 35295876?
True
Does 232 divide 20208592?
True
Is 7879006 a multiple of 19?
False
Is 1592 a factor of 114402712?
True
Is 185208207 a multiple of 5?
False
Is 62 a factor of 236292912?
True
Does 24 divide 2521191000?
True
Is 24633625 a multiple of 215?
True
Is 246 a factor of 69974700?
True
Is 27841311 a multiple of 391?
False
Is 84336847 a multiple of 252?
False
Is 11 a factor of 30100242?
False
Does 414 divide 233774622?
True
Is 19 a factor of 359234197?
True
Is 28293218 a multiple of 79?
True
Does 298 divide 1497748?
True
Does 41 divide 12049818?
True
Is 29904895 a multiple of 107?
True
Is 9 a factor of 58687287?
False
Does 13 divide 434345633?
False
Does 144 divide 81206640?
True
Is 156168504 a multiple of 30?
False
Does 735 divide 59601022?
False
Is 45 a factor of 7742883?
False
Does 178 divide 27891001?
False
Is 24 a factor of 563234585?
False
Is 2260443522 a multiple of 258?
True
Is 120663915 a multiple of 35?
False
Is 375 a factor of 21065250?
True
Does 4331 divide 25789479?
False
Is 75 a factor of 58556524?
False
Is 10 a factor of 72559993?
False
Does 3106 divide 2545104149?
False
Is 13 a factor of 24431615?
True
Does 756 divide 150735060?
True
Is 388411791 a multiple of 31?
False
Is 516080508 a multiple of 3838?
True
Does 15 divide 496232310?
True
Does 380 divide 930621140?
True
Is 34618076 a multiple of 76?
True
Does 87 divide 186032048?
False
Does 1842 divide 89152800?
True
Does 213 divide 34884200?
False
Does 87 divide 82085283?
True
Does 12618 divide 530547288?
False
Is 39096480 a multiple of 24?
True
Is 1024534080 a multiple of 160?
True
Is 5 a factor of 2768511?
False
Is 2548 a factor of 198602467?
False
Is 1616 a factor of 1874572928?
True
Does 8485 divide 948002326?
False
Is 711 a factor of 131245341?
False
Does 5477 divide 462675052?
True
Does 5679 divide 192552174?
True
Is 24441200 a multiple of 1505?
True
Is 234264538 a multiple of 103?
False
Does 103 divide 105782237?
False
Does 4764 divide 164210316?
True
Is 286 a factor of 12936300?
False
Does 383 divide 2491713357?
True
Is 28 a factor of 57476636?
True
Is 3 a factor of 451512080?
False
Does 514 divide 761968174?
False
Is 42519189 a multiple of 36?
False
Is 37150866 a multiple of 886?
True
Does 10 divide 201563243?
False
Does 482 divide 18583755?
False
Is 79 a factor of 69117653?
True
Is 1332697080 a multiple of 6105?
True
Does 2 divide 6150950?
True
Does 47 divide 67168931?
False
Is 62 a factor of 404502074?
True
Is 53322435 a multiple of 3?
True
Does 53 divide 213138440?
True
Does 67 divide 3801454174?
True
Is 3629 a factor of 40308041?
False
Is 8 a factor of 21379200?
True
Is 37025016 a multiple of 21?
True
Is 3312 a factor of 129004321?
False
Does 2087 divide 6574594707?
True
Does 119 divide 6454860?
False
Is 37 a factor of 824994964?
False
Is 1158 a factor of 263682390?
True
Does 344 divide 38124144?
True
Is 169622245 a multiple of 9?
False
Is 4829857 a multiple of 560?
False
Is 31 a factor of 2008627?
False
Is 26 a factor of 564349084?
True
Is 14 a factor of 2371259114?
True
Is 27 a factor of 229110093?
True
Is 1349 a factor of 228878085?
True
Is 295 a factor of 469375723?
False
Does 469 divide 23892736?
True
Is 16944996 a multiple of 1142?
True
Does 376 divide 6532248?
True
Does 612 divide 483237253?
False
Does 3 divide 2577807?
True
Is 37407854 a multiple of 34?
True
Is 3888603792 a multiple of 744?
True
Is 22058330 a multiple of 16?
False
Is 125 a factor of 164491375?
True
Is 16 a factor of 229766925?
False
Is 42118788 a multiple of 11?
False
Is 29507737 a multiple of 7?
True
Is 2307 a factor of 61735631?
False
Is 89 a factor of 139974127?
True
Is 20418460 a multiple of 620?
True
Is 16644005 a multiple of 215?
False
Is 57 a factor of 42644996?
False
Does 6 divide 125516580?
True
Is 684 a factor of 5626597?
False
Is 819013351 a multiple of 13?
True
Does 2038 divide 228094998?
True
Is 48 a factor of 171597140?
False
Does 8 divide 196497488?
True
Is 4 a factor of 83519524?
True
Is 32 a factor of 986232544?
True
Is 19 a factor of 383553628?
False
Does 47 divide 356886651?
True
Is 75076355 a multiple of 2939?
False
Is 1892289005 a multiple of 145?
True
Does 35 divide 3406057088?
False
Does 1786 divide 1130493350?
True
Is 25432740 a multiple of 2290?
True
Is 37579092 a multiple of 6?
True
Does 6641 divide 516218212?
True
Is 1799068026 a multiple of 1398?
True
Is 396385101 a multiple of 83?
False
Is 211 a factor of 3848640?
True
Does 5 divide 51418130?
True
Is 30303452 a multiple of 316?
True
Does 2626 divide 32580585?
False
Is 21 a factor of 79144926?
True
Is 1718819469 a multiple of 1365?
False
Does 2314 divide 820662414?
True
Is 2770 a factor of 39153950?
True
Does 35 divide 105869610?
True
Is 587355222 a multiple of 311?
True
Does 245 divide 34449450?
True
Does 38 divide 1342771855?
False
Is 270 a factor of 19822784?
False
Is 178456540 a multiple of 221?
False
Is 22215408 a multiple of 456?
True
Is 728650230 a multiple of 14?
True
Is 416 a factor of 144732224?
True
Is 4562 a factor of 360519160?
False
Is 1035 a factor of 93326483?
False
Does 83 divide 528022?
False
Does 70 divide 22776520?
False
Does 1818 divide 760840272?
True
Is 29170556 a multiple of 358?
True
Is 388 a factor of 8697796?
True
Does 6 divide 1123382450?
False
Is 42938647 a multiple of 29?
True
Does 584 divide 129055824?
True
Is 15 a factor of 199659855?
True
Does 14 divide 199930999?
False
Is 1059561725 a multiple of 11?
False
Is 139 a factor of 802308?
True
Is 258918176 a multiple of 736?
True
Is 13 a factor of 2278084124?
False
Is 49 a factor of 85150142?
True
Is 31827015 a multiple of 33?
True
Is 5 a factor of 3293968368?
False
Does 337 divide 305681468?
False
Does 14 divide 190619450?
True
Is 608263872 a multiple of 108?
False
Is 94714873 a multiple of 4776?
False
Is 990141083 a multiple of 1590?
False
Does 277 divide 108588432?
True
Is 840 a factor of 87216282?
False
Does 11 divide 6124085?
True
Is 467 a factor of 34513172?
False
Is 17698388 a multiple of 41?
True
Is 395606957 a multiple of 8088?
False
Is 235712447 a multiple of 121?
False
Is 626888070 a multiple of 3258?
True
Is 287139450 a multiple of 25?
True
Is 8506885 a multiple of 410?
False
Does 683 divide 3985490776?
True
Is 5816 a factor of 954260200?
True
Is 445694691 a multiple of 9?
False
Is 772 a factor of 60899220?
True
Is 1453 a factor of 29529319?
True
Is 57903063 a multiple of 2513?
False
Is 560541800 a multiple of 1900?
True
Is 8 a factor of 21929480?
True
Does 1428 divide 976500672?
True
Does 61 divide 290890273?
True
Is 226 a factor of 83164057?
False
Does 